25?
-4005
In base 10, what is -94263 - -13?
-94250
In base 11, what is -169a2 - -144?
-16859
In base 8, what is 630 + 11314?
12144
In base 5, what is -413431 + -12?
-413443
In base 3, what is 10022011 - -1100?
10100111
In base 5, what is 1301 + 30120?
31421
In base 4, what is 0 - 10212331?
-10212331
In base 9, what is -5 + -2780?
-2785
In base 5, what is -4232032 + 1?
-4232031
In base 14, what is -11 + 854?
843
In base 11, what is 4a72 + 358?
531a
In base 5, what is 44200 - -2024?
101224
In base 12, what is -1 + 4524?
4523
In base 5, what is -143221 - 0?
-143221
In base 3, what is 1011222120012 + -12?
1011222120000
In base 8, what is 0 + 2201312?
2201312
In base 12, what is -7953 + -1?
-7954
In base 16, what is -1f072 - -3?
-1f06f
In base 4, what is 0 - -130130100?
130130100
In base 9, what is 4 + 152436?
152441
In base 9, what is 3614 - -833?
4547
In base 5, what is 1210 + 3100?
4310
In base 16, what is -b41 + -1a?
-b5b
In base 3, what is 0 - 121011000?
-121011000
In base 2, what is 10001010000101 + 1101?
10001010010010
In base 8, what is -500 + -324?
-1024
In base 14, what is -4 + 221ab?
221a7
In base 14, what is 1459b - -6?
145a3
In base 15, what is 3a32 + b3?
3ae5
In base 6, what is -2441 + 3214?
333
In base 15, what is 0 + 3da3?
3da3
In base 6, what is 15220 - 22?
15154
In base 9, what is -110 + 1554?
1444
In base 3, what is 10 - -1200121100211?
1200121100221
In base 15, what is 1bcd - -230?
1e0d
In base 4, what is -10202 - 313?
-11121
In base 12, what is 24b0 + -32?
247a
In base 13, what is 34658 - 7?
34651
In base 16, what is 6 + -5d4a?
-5d44
In base 6, what is 2113 - -31?
2144
In base 11, what is 3 - -175730?
175733
In base 4, what is -1103120 - -132?
-1102322
In base 8, what is 4 - 1025655?
-1025651
In base 15, what is 1519 + -65?
14a4
In base 13, what is -16a71a + -2?
-16a71c
In base 15, what is 8 + 37782?
3778a
In base 16, what is 3e - 1c5?
-187
In base 11, what is 8 + 944?
951
In base 3, what is 101102102201 - 1?
101102102200
In base 12, what is 1 + -25b9?
-25b8
In base 8, what is -155 - -13035?
12660
In base 11, what is 3 - 28690?
-28688
In base 2, what is -10110011 - -10011010101?
10000100010
In base 15, what is -1abd - -9?
-1ab4
In base 2, what is 100011111010100 - 0?
100011111010100
In base 4, what is 12013010 + 1013?
12020023
In base 15, what is 1 - -953b?
953c
In base 6, what is -2101 - -3?
-2054
In base 7, what is -2122 + 63?
-2026
In base 8, what is 37 - -54?
113
In base 4, what is -132110301 - 1?
-132110302
In base 4, what is 23200101 + -1?
23200100
In base 6, what is 333 + 521?
1254
In base 13, what is 14a - 565?
-418
In base 7, what is 1012100 - -22?
1012122
In base 12, what is 407 + -14b?
278
In base 16, what is -5 - 240d?
-2412
In base 11, what is -42 - 403?
-445
In base 11, what is -281a + -76?
-2895
In base 12, what is 56 - -7a1?
837
In base 14, what is c + 8c314?
8c322
In base 13, what is -1 - -11150?
1114c
In base 8, what is 3 + -62244?
-62241
In base 13, what is 774a - 17?
7733
In base 15, what is -5 - -134c?
1347
In base 4, what is 1321021 + -11?
1321010
In base 16, what is 12 + -1a?
-8
In base 8, what is 15 - -40540?
40555
In base 15, what is -66 + -19d?
-214
In base 4, what is -10203 - -2222?
-1321
In base 15, what is -5 - 2b00?
-2b05
In base 3, what is 11210021210 + 2?
11210021212
In base 11, what is -1 - a545?
-a546
In base 13, what is 65 - 164?
-cc
In base 15, what is 57 + -48?
e
In base 10, what is 40 - -473?
513
In base 9, what is 5 - -26852?
26857
In base 5, what is 1 + -2004124?
-2004123
In base 9, what is 1546 - -757?
2414
In base 13, what is -b4c5 - 119?
-b611
In base 15, what is 56cc + -2?
56ca
In base 12, what is -5 - 23499?
-234a2
In base 10, what is 27286 - 26?
27260
In base 7, what is 2 - -1226063?
1226065
In base 12, what is 0 + 2a237?
2a237
In base 2, what is -100000011000111001 - -100?
-100000011000110101
In base 13, what is -782 - -6c?
-713
In base 11, what is 4 + -131884?
-131880
In base 13, what is -5 + -50ccb?
-51003
In base 7, what is 2152 + 6422?
11604
In base 6, what is -415 + 3111?
2252
In base 4, what is 111 - -1102310?
1103021
In base 10, what is 7804 - -50?
7854
In base 8, what is -3 + 72655?
72652
In base 9, what is -23236 + 5?
-23231
In base 6, what is -454 + 22?
-432
In base 7, what is -315 + -35?
-353
In base 6, what is -4421041 - 3?
-4421044
In base 10, what is 1462 + 126?
1588
In base 14, what is a34c + 1?
a34d
In base 12, what is -1 + -b5591?
-b5592
In base 13, what is -3 - -49435?
49432
In base 4, what is -2 - 233201201?
-233201203
In base 9, what is 1281766 - -3?
1281770
In base 11, what is 12230 + -11a?
12111
In base 3, what is 100 + -12211110211?
-12211110111
In base 5, what is 2141300302 + 4?
2141300311
In base 11, what is -458 - 76?
-523
In base 3, what is -10102021001 - -210?
-10102020021
In base 2, what is -11100110000 + -1000010?
-11101110010
In base 5, what is 21403 + 1310?
23213
In base 9, what is 34 + 256746?
256781
In base 8, what is -61006 + 11?
-60775
In base 14, what is -42 - -5b?
19
In base 5, what is 20313 + 11143?
32011
In base 4, what is -123313312 - -3?
-123313303
In base 2, what is 10101010010 - 110010?
10100100000
In base 7, what is 133 + 2466?
2632
In base 7, what is -11566 + -15?
-11614
In base 11, what is 103 + a8?
200
In base 4, what is -2110110 + -122?
-2110232
In base 7, what is 1145 + 404?
1552
In base 2, what is -11 - 1001001010110111010?
-1001001010110111101
In base 3, what is 200012 + -1212?
121100
In base 8, what is -26 - 20140?
-20166
In base 14, what is -aa23 - 6?
-aa29
In base 13, what is 39 - 1936?
-18ca
In base 16, what is 2eb50 - -3?
2eb53
In base 9, what is 3138 - 11?
3127
In base 10, what is -2 - -10065?
10063
In base 14, what is 282 - -36?
2b8
In base 6, what is 5 - -5221?
5230
In base 16, what is 5 + 5317?
531c
In base 14, what is -964 - 7a?
-a00
In base 6, what is 5 - 321105?
-321100
In base 2, what is 1 - 1101100111001110?
-1101100111001101
In base 4, what is -31011 - 3201?
-100212
In base 6, what is 1 + -204?
-203
In base 12, what is 3a + -8434?
-83b6
In base 8, what is 17 + 11055?
11074
In base 5, what is 411130023 + -1?
411130022
In base 9, what is -10 - -10815?
10805
In base 9, what is 22 - 105725?
-105703
In base 4, what is 22311020033 - 1?
22311020032
In base 13, what is 10474 - 12?
10462
In base 14, what is -3 - d8b4?
-d8b7
In base 3, what is -100220220020 + 12?
-100220220001
In base 8, what is -7354453 + -2?
-7354455
In base 12, what is 366252 - 3?
36624b
In base 14, what is c396 + 5?
c39b
In base 4, what is -2 - 2201303?
-2201311
In base 16, what is ea - -5?
ef
In base 4, what is -300201 - -10?
-300131
In base 16, what is -2c + -15a73?
-15a9f
In base 2, what is -10 - -100001010110100?
100001010110010
In base 6, what is 243 - -104244?
104531
In base 6, what is -202003 + -21?
-202024
In base 7, what is -2 - 4644?
-4646
In base 5, what is 110 - 1201?
-1041
In base 3, what is -2121012 + 1201002?
-220010
In base 2, what is -111010101 - -10101010?
-100101011
In base 5, what is 1 + 3003034?
3003040
In base 13, what is 23c + -a?
232
In base 14, what is -3 + -20677?
-2067a
In base 14, what is -37 - 146?
-17d
In base 3, what is 2000 + -221021?
-212021
In base 2, what is 1111010000 - 0?
1111010000
In base 10, what is 857744 - -2?
857746
In base 15, what is -8e + b4c?
aad
In base 11, what is -1433a1 - -2?
-14339a
In base 7, what is -1316 - -436?
-550
In base 5, what is -10 - 24124014?
-24124024
In base 14, what is -17 + 7c02?
7bc9
In base 2, what is -100 - 1011011000110?
-1011011001010
In base 5, what is 103313323 - 2?
103313321
In base 3, what is 21 + -2112021?
-2112000
In base 8, what is -14662 - 14?
-14676
In base 8, what is 360 + 563?
1143
In base 5, what is 1012 + 40000?
41012
In base 14, what is 2d7 + -116?
1c1
In base 2, what is -101000010110 + 11110001010?
-1010001100
In base 10, what is -17948 + -3?
-17951
In base 2, what is -10 + 10011110010100?
10011110010010
In base 2, what is 1001101010100 - -11101?
1001101110001
In base 15, what is 3 + -7aeb?
-7ae8
In base 2, what is -1100001001111 - 0?
-1100001001111
In base 2, what is 100101010110 + -1101001000?
11000001110
In base 12, what is 43 + -2477?
-2434
In base 11, what is -1064607 - 1?
-1064608
In base 6, what is 10323130 - 3?
10323123
In base 9, what is -240113 + -3?
-24